rs of g.
30259
Let g(h) = -110*h**3 + h**2 + 2*h - 8. Let c be g(-3). Suppose 4756 = 5*l - m - 2664, 0 = -2*l + m + c. List the prime factors of l.
3, 5, 11
List the prime factors of ((113866/255)/2 + 9/(-15))*219.
2, 73, 167
Let a(w) = 18*w**3 + 4*w**2 - 7*w + 1. Let t(l) = -3*l - 51. Let z be t(-18). What are the prime factors of a(z)?
2, 251
Let d = 554 - 553. What are the prime factors of 1078 + -2 + d + -3?
2, 3, 179
Suppose 2*k - 2*a = 10, a - 6 = 4*a. Suppose -k*f + f = 90. What are the prime factors of ((-138)/10 - -1)/(6/f)?
2, 3
Let p be (0/8)/(-5)*-1. Suppose p = 24*l + 9*l - 25113. List the prime factors of l.
761
Suppose -41317 = -9*w - 13375 + 36921. What are the prime factors of w?
7207
Let g = 18 - 11. Let o(y) = -3*y + 38. Let m(j) = -11*j + 78. Let v(h) = -2*m(h) + 5*o(h). What are the prime factors of v(g)?
83
Let m(a) = 19*a**2 + 99*a - 751. List the prime factors of m(42).
36923
Let n(m) = m**3 + 3*m**2 + 11*m + 24. Let i be n(-10). List the prime factors of (i/(-3))/((-9)/(-18)).
2, 131
Suppose -5*k - 3415 = x + 4*x, -x - 4*k = 683. Let a = -448 - x. List the prime factors of a.
5, 47
Suppose d = -3*w + 5846, 0*w + 5*d = 3*w - 5870. Let g(q) = -30*q - 218. Let c be g(-8). Suppose -w = -c*o + 9*o. List the prime factors of o.
2, 3, 5
Let u = 153 + -301. Let x = 33 - u. What are the prime factors of x?
181
Suppose 2*v - 23 = -17. Suppose 37 = v*c - 14. Suppose -9*g = -c*g + 1136. What are the prime factors of g?
2, 71
Let u = -47 - -51. Suppose -a + 871 = u*v, 3*v - 519 = -a + 135. What are the prime factors of v?
7, 31
Let p be 15/6*(21/(-5) + 3). Let z(s) = -14*s + 8 - 18*s - 12*s. List the prime factors of z(p).
2, 5, 7
Suppose -3*r + x = -145705, -5*x - 12 + 52 = 0. What are the prime factors of r?
48571
Let q(h) = 2*h**2 - 7*h - 8. Let a be q(5). Suppose 0 = -2*c - 2*d + 4, -a - 1 = 4*c - 4*d. Suppose -2*n + 12 + 44 = c. What are the prime factors of n?
2, 7
Let f(u) = u**3 + 9*u**2 + 7*u - 6. Let l be f(-8). Suppose 2*p = 3*r + 511, 0*r + 258 = p - l*r. Suppose 14*v + p = 2418. What are the prime factors of v?
5, 31
Let t be 5 + -1 + -1111 + (-1 - -6). Let f = -762 - t. List the prime factors of f.
2, 5, 17
Let o = -12 - -28. Suppose o*l - l - 8040 = 0. What are the prime factors of l?
2, 67
Suppose -969078 = -23*l + 248644 + 347428. What are the prime factors of l?
2, 5, 1361
Let u = -5311 + 8995. List the prime factors of u.
2, 3, 307
Let q(d) = -d**3 - 18*d**2 + 19*d + 2. Let b be q(-19). Let z be ((-13)/39)/(b/(-24)). Suppose x + 103 = u, u - z*x = 6*u - 515. List the prime factors of u.
103
Suppose -n = n - 8. Let r = -2 + n. Let m(y) = 39*y - 1. What are the prime factors of m(r)?
7, 11
Suppose g + 5 = -2*a + 4*g, -4*g = -5*a - 16. Let d be (6/(36/6))/(2/a). What are the prime factors of (d + 14)*238/21?
2, 17
Let f(i) = 11*i**2 - 7*i + 3. Let h(y) = 10*y**2 - 6*y + 3. Let g(t) = 4*f(t) - 5*h(t). Let m be g(1). What are the prime factors of 1*(6*3/(-6) - m)?
2
Suppose 4*q + 30*q - 4284 = 0. List the prime factors of 1*(126414/q + 2/(-7)).
17, 59
Suppose -8*c + 6 = -18. Suppose -25 = -c*n - 2*m, 17*n - 18*n - 5*m + 30 = 0. Suppose -3*v + 5*v = -5*h + 135, 3*v = -n*h + 135. List the prime factors of h.
3
Let n = -62139 + 119796. What are the prime factors of n?
3, 19219
What are the prime factors of (1*(-517)/(-2))/((-229)/(-46258))?
11, 47, 101
Let l(d) = -d**3 + 10*d**2 - d + 18. Let t be l(10). Let n be 3*t/30 - (-1716)/55. Suppose n*p - 11*p - 3402 = 0. List the prime factors of p.
2, 3
Suppose -5*v - 13152 = -58752. Suppose -9*i = -348 - v. List the prime factors of i.
2, 263
Suppose h + 104 = 2*l, h + 0*h + 116 = -2*l. Let j = h - -406. What are the prime factors of j?
2, 37
Let y = 1495 - -14224. List the prime factors of y.
11, 1429
Suppose -715 = 93*s - 98*s. Let k(v) = -v**3 + 9*v**2 - 8*v + 4. Let q be k(8). What are the prime factors of s/44*(q - 0)?
13
Let u = -1213 - -2903. Let z = u - 1152. List the prime factors of z.
2, 269
Let s be ((-3)/4 - 0)/(11/(-44)). Suppose s*c = 8*c + 4*j - 2770, 3*j + 573 = c. Let a = c + -303. List the prime factors of a.
3, 5, 17
Suppose 0 = 3*w + 2*x + 380, -w + 6*w + 626 = 4*x. Let t = w - -360. What are the prime factors of t?
2, 3, 13
Let i = -6045 + 6204. What are the prime factors of i?
3, 53
Let v(d) = 4*d - 59. Let w be v(16). Let b(o) = -o**2 + 4*o + 3. Let y be b(3). Suppose y*x + w*x = 231. What are the prime factors of x?
3, 7
Let x = 3 + 1. Suppose 143*v - 140*v = 0. Suppose -s + x*s - 93 = v. List the prime factors of s.
31
Suppose 274817 - 60999 = o + 10*o. What are the prime factors of o?
2, 9719
Let h(f) = -2*f - 7. Let t be h(-5). Suppose 5*r - 2*w = 238, -r - 2*r = -t*w - 150. What are the prime factors of (-6 - -8)/(1/r)?
2, 23
Let p(u) = -493*u + 20. Let d be p(-2). Let v = d - 683. What are the prime factors of v?
17, 19
Let y(g) = -16 - 14*g - 13 + 3*g - 17*g. Let t(w) = 56*w + 58. Let l(f) = -6*t(f) - 11*y(f). List the prime factors of l(-9).
223
Suppose 0 = 2*v - 4 - 0. Suppose v + 5 = j. Suppose -j*f + 180 = -338. List the prime factors of f.
2, 37
Let u(r) be the first derivative of r**6/180 + r**5/24 + r**4/3 - r**3/3 + 14. Let p(f) be the third derivative of u(f). What are the prime factors of p(-7)?
71
Suppose 5*o + 4*d = -1, 2*o - 3 = 2*d + 11. Suppose 4*g + 20*v = 24*v + 2088, 2*v = g - 520. What are the prime factors of (o/(-2))/(g/88 - 6)?
3, 11
What are the prime factors of (-68)/323 - (-28526498)/418?
5, 13649
Suppose -80*k + 267188 = -358972. List the prime factors of k.
3, 2609
Suppose 3*f - 2*u - 22 = 2*f, 0 = 2*f + 4*u - 36. Suppose 26*l - 21*l = f. Suppose -l*w = -a + 2*a - 201, -4*w = -a + 241. What are the prime factors of a?
13, 17
Let t(v) = -246*v**3 - 26 - 12*v**2 + 29*v + 245*v**3 - 24*v + 27*v**2 - 1. Suppose 2*q + 3*q = 70. List the prime factors of t(q).
239
Suppose -1890 = -4*p + 1722. Let l = 1268 - p. What are the prime factors of l?
5, 73
Let c(w) = 597*w - 952. List the prime factors of c(4).
2, 359
Let n = -84 + 324. Let f = n - -226. List the prime factors of f.
2, 233
Let a(p) = 88*p - 100. Suppose 2*f = 4*b + 32, 3*f + 4*b - 9 - 9 = 0. What are the prime factors of a(f)?
2, 3, 5, 13
Let r = 6104 - -353. List the prime factors of r.
11, 587
Suppose 92225 = 5*j - 108304 + 53219. List the prime factors of j.
2, 14731
Let k = 27368 + -5304. What are the prime factors of k?
2, 7, 197
Suppose 32 = u - 4*c, -4*c + 12 = 3*u - 84. Suppose 2*w - 2 = 2*t, u = 2*t + 2*t + 5*w. Suppose -2*y = -t*y + 177. List the prime factors of y.
3, 59
Let u = 30 + -22. Suppose -1793 = -u*q - 3*q. What are the prime factors of q?
163
Let w be (-4)/14 - (828/(-7) - 0). Let s(g) = 120*g**2 - w*g**2 + 16 - 20*g - 6. List the prime factors of s(14).
2, 61
Let u = 181097 + -114286. List the prime factors of u.
71, 941
Suppose -80 = -18*p + 23*p. Let m = p - -31. List the prime factors of m.
3, 5
Let v be (-3)/(-6)*(-3 + 3). Let f be v + (4 - 3) + 139. Suppose 3*d + 100 = 4*y - 72, -5*d = 4*y - f. List the prime factors of y.
2, 5
Let z = -98 - -103. Suppose z*v - 544 - 616 = 0. Let s = -150 + v. What are the prime factors of s?
2, 41
Let i be (-62148)/(-52) - 20/130. Suppose -13482 = -11*w - i. What are the prime factors of w?
1117
Suppose 649 = 5*r - 4*u + 7*u, 254 = 2*r + 4*u. Let v = r + -133. List the prime factors of v/(2 - 1) + 7 - -3.
2
Let o(g) = 962*g**2 + 17*g - 33. List the prime factors of o(2).
3, 1283
Suppose -431*b - 30974 = -433*b - 4*z, -3*z = 3*b - 46458. What are the prime factors of b?
5, 19, 163
Suppose 5*f + 8*u - 11*u - 24303 = 0, 0 = f - u - 4861. Suppose -48*z = -33*z - f. What are the prime factors of z?
2, 3
Let o be (-11 - -15)*10/8. Suppose -4*p = -o*r + 39, -6*r - 4*p = -3*r - 49. Let j = r - -96. List the prime factors of j.
107
Suppose 6 = -3*s, 0 = -5*x + x + 5*s + 70. Suppose x*v = 1047 - 42. What are the prime factors of v?
67
Let j(m) = 19*m - 276. Let a be j(15). List the prime factors of (2/((-16)/(-12)))/(a/1626).
271
Suppose 0 = 6*k - 31*k + 8150. Suppose -k*t = -329*t + 327. List the prime factors of t.
109
Suppose -22*z + 563738 - 42273 = 25*z. What are the prime factors of z?
5, 7, 317
Let u = -173 + 179. What are the prime factors of (3390/(-40))/(u/(-40))?
5, 113
Let i be (8 - 0)*(-7)/((-7)/1